ime factors of i.
17, 19, 83
Suppose -4*z + 4*v + 89120 = 0, 0 = -z - v + 18819 + 3457. List the prime factors of z.
2, 3, 47, 79
Let a(o) = -o**3 + 4*o**2 - 2*o + 2. Let y be a(8). List the prime factors of 120/(-9)*(y/12)/5.
2, 3, 5
Let m(y) = 1584*y + 1380. List the prime factors of m(6).
2, 3, 907
Let t(g) = -2*g - 38. Let z be t(-22). Let d be (-8 - -11)/(z/(-316)). Let y = -79 - d. List the prime factors of y.
79
Suppose 0 = 4*z + 4*y - 11960, -21*y = 5*z - 25*y - 14995. List the prime factors of z.
5, 599
Let b(w) be the first derivative of -w**4/2 - 7*w**3/3 + 3*w**2/2 - 6*w + 22. List the prime factors of b(-7).
2, 79
Suppose i + 42 + 3 = 0. What are the prime factors of (-4)/6 - 30540/i?
2, 3, 113
Let m = -680 - -735. Suppose 19379 = -m*i + 103804. What are the prime factors of i?
5, 307
Let n be (0 - 855/(-6))*6. Suppose 12*w + 351 = 25*w. What are the prime factors of 6/2*n/w?
5, 19
Let a(h) = 2*h + 34 - 21*h + 133*h**2 + 10*h**2 - 2. List the prime factors of a(2).
2, 283
Suppose 23*v - 25*v + 10 = 0. Suppose -v*c + 813 + 112 = 0. What are the prime factors of c?
5, 37
Let o(f) = -f**2 - 2*f + 7. Let s be o(-4). Let g be 4 + -3 - (s + -1). Suppose -6 = -g*b + 5*b, 390 = 3*r - 4*b. List the prime factors of r.
2, 3, 7
Let b(p) = 1267*p + 1896. What are the prime factors of b(5)?
8231
Let f = 449 + -453. What are the prime factors of ((-81)/18 - f)*(-1527 + 1)?
7, 109
Let p(t) = 7530*t + 2232. List the prime factors of p(9).
2, 3, 3889
Suppose 3*h + 2*u = 5262 - 977, 4*h - 5*u = 5744. Suppose 36*p + h = 6867. What are the prime factors of p?
151
Let s = 113626 - 75743. List the prime factors of s.
43, 881
What are the prime factors of (-131)/3*(-70 - -55)?
5, 131
Suppose -1383 + 1411 = v. Suppose 0 = -6*a + v*a - 9482. What are the prime factors of a?
431
List the prime factors of 3597585/60 - (-8 - 217/(-28)).
2, 5, 1499
Suppose 11*w - 1 = 12*w. List the prime factors of 1 + 0 + w - 265/(-5).
53
Suppose -60*l - 286110 = -1082250. List the prime factors of l.
3, 4423
Suppose -18590 - 14682 = 5*b - 9*b. What are the prime factors of b?
2, 4159
Let g be (24/40)/((-6)/(-20)). Suppose 54 + 6 = g*v. List the prime factors of (-40)/v + 613/3.
7, 29
Suppose 139260 = 5*n + 2*v, n - 4*v - 10617 - 17257 = 0. List the prime factors of (n/76)/(2/4).
733
Let a(g) be the first derivative of -2*g**3/3 + 25*g**2/2 - 16*g + 17. Let d = -133 - -143. List the prime factors of a(d).
2, 17
Let b(t) = 3*t**2 + 12*t - 39. Let j be b(27). What are the prime factors of (-9 + 10)/((-2470)/j + 1)?
2, 3, 103
Let q = -20028 + 43959. What are the prime factors of q?
3, 2659
Suppose -4*w - 2*q = -43454, -2 = -3*q + 7. What are the prime factors of w?
2, 5431
Let j(g) = -87*g + 3. Let b be j(-1). Let o = b + -89. Suppose -2*n = o - 249. What are the prime factors of n?
2, 31
Suppose 22*o - 28689 - 45143 = 0. Suppose 165*v - 169*v = -o. List the prime factors of v.
839
Suppose 6*h - 16*h + 270 = 0. Suppose 8*f - h = 1717. List the prime factors of f.
2, 109
Let t be 6 - 4 - 1*2. Suppose -b - l - 7 = t, 3*l = 6*b - b + 11. List the prime factors of b/18 - (-1395)/81.
17
Let o(m) = 14*m**2 - 2. Let n be o(3). Let s = 268 + n. List the prime factors of s.
2, 7
Let b = -570 + 14569. What are the prime factors of b?
13999
Let c(l) = -24*l**2 - 7*l - 15. Let i be c(-7). Let d = -779 - i. List the prime factors of d.
3, 11
Suppose -2784 = -5*d - 3*d. Let u = -231 + d. Let s = u - -37. List the prime factors of s.
2, 7, 11
Suppose p - 5*w = -4*p + 255, -w + 189 = 4*p. Suppose p*y - 562 = 46*y. What are the prime factors of y?
281
Suppose -4*m + 93744 = 3*u, 5*m - 358*u + 360*u = 117166. What are the prime factors of m?
2, 3, 5, 11, 71
Suppose -170*h + 44*h - 29*h + 1005485 = 0. What are the prime factors of h?
13, 499
Suppose 5*w - 872 = 2*b, -5*w = -w + b - 708. Let d = 281 - w. List the prime factors of d.
3, 5, 7
Let h(z) be the second derivative of -1/2*z**2 + 1/6*z**3 + 0 + 3*z. What are the prime factors of h(7)?
2, 3
Let g(x) be the third derivative of 0 - 5*x**2 + 0*x + 1/6*x**3 - 11/12*x**4. What are the prime factors of g(-2)?
3, 5
Suppose -5*r - 12 = -2*r, 2*r = 4*p + 76. Let f be 5/(14/p - (-5)/3). Suppose -o = i - 103, -2*o - 5*i - 277 = -f*o. List the prime factors of o.
3, 11
Let y = -4300 + 7516. List the prime factors of y.
2, 3, 67
Suppose -75 + 610 = 5*j. Let w = j + -107. Suppose -5*m - i + 569 = w, 4*m - 6*m - 5*i = -246. List the prime factors of m.
113
Suppose -2*u - 660 + 666 = 0. Suppose 5*d - 5*r - 1265 = 0, 535 = u*d - r - 224. List the prime factors of d.
11, 23
Suppose -41*w = -43*w - 250. List the prime factors of (300/w)/(3/(-130)).
2, 13
Let j = 86820 - 38784. What are the prime factors of j?
2, 3, 4003
Let p(i) = 4*i**3 - 37*i**2 + 77*i + 44. What are the prime factors of p(16)?
2, 23, 89
Let q = -1931 + 4925. What are the prime factors of q?
2, 3, 499
Suppose -5*t - 2055 - 2105 = 0. Let g = -491 - t. What are the prime factors of g?
11, 31
Suppose -3*o - 3*d + 3402 = -0*d, 2*o - d = 2280. Suppose m - 5*z - 1102 = -2*m, 3*m - o = -4*z. What are the prime factors of m?
2, 11, 17
List the prime factors of 1/(-1)*(-5009 + 179).
2, 3, 5, 7, 23
List the prime factors of (3 + -1)/(0 - 26/(-113165)).
5, 1741
Let b = 548 + -351. Suppose -3*c - 5*i = -c - b, 2*i - 370 = -4*c. List the prime factors of c.
7, 13
Let b(w) = -3*w**2 - 7*w - 2. Let j be b(-3). Let i be 1/4 - (-1410)/j. Let k = -106 - i. List the prime factors of k.
2, 5, 7
Let m(i) = 2*i - 3 + 3 - 4*i - 8. Let k be m(-2). What are the prime factors of (4/3)/(((-24)/549)/k)?
2, 61
Let i = -243 - -345. Suppose -2*l + i = 5*s, 0*l - 5*l = 4*s - 289. Suppose l*v + 184 = 62*v. List the prime factors of v.
2, 23
Let v(f) be the first derivative of -1 + 2*f + 11/2*f**2 + 1/3*f**3. List the prime factors of v(-14).
2, 11
Let n(y) = 2*y**2 - 96*y + 81. Suppose 0 = p + 4*p + 5*q - 255, -2*p - q + 104 = 0. What are the prime factors of n(p)?
13, 47
Let p = 290 + -290. Suppose p = 5*w - 504 - 81. List the prime factors of w.
3, 13
Let m = 1583 - -1448. List the prime factors of m.
7, 433
Suppose -377*h + 325*h = -2526264. List the prime factors of h.
2, 3, 2699
Suppose -51*f = 93*f - 6*f - 290766. List the prime factors of f.
7, 43
Let k = 559 + -555. What are the prime factors of (-1)/5 + (-22744)/(-20) + k?
7, 163
Let c(t) = -t + 14. Let p be c(8). Let g = 11 - p. Suppose -r + g*j + 50 = -45, -326 = -4*r + 2*j. List the prime factors of r.
2, 5
Let b be 3*(65/5 - 1). Let c = 40 - b. What are the prime factors of c + 0 + 69 + 2?
3, 5
Let c = 37 + -86. Let i = c + 47. What are the prime factors of (i/((-4)/(-3)))/(9/(-816))?
2, 17
Let i = 62007 + -31645. List the prime factors of i.
2, 17, 19, 47
Let f = -37 + 2200. Suppose f + 2457 = 6*x. What are the prime factors of x?
2, 5, 7, 11
Let w be ((-3)/(-6))/(2/(-4)). List the prime factors of (-895050)/(-1050) + (-4)/(-7) + w.
2, 3, 71
Let d = 16681 - -1783. What are the prime factors of d?
2, 577
Let q(l) = 90*l - 585. List the prime factors of q(52).
3, 5, 7, 13
Suppose -3*w - 3*p + 12420 + 1158 = 0, -w + 4538 = 3*p. What are the prime factors of w?
2, 5, 113
Let c be (-6)/(-9)*(2 + -4)*-3. Suppose -c*n + 21 = -3*k, -2*n + 6 - 15 = 5*k. Suppose 3*q - q - 4*g - 174 = 0, g = -n*q + 233. List the prime factors of q.
79
Let o = 26446 + 1537. What are the prime factors of o?
27983
Suppose -12*i + 33 + 15 = 0. Suppose 5*u + 2*b = 3*b + 27, -i = 2*b. Suppose 185 = u*l - 590. List the prime factors of l.
5, 31
Suppose 1681776 = 113*o - 59*o. What are the prime factors of o?
2, 17, 229
Let u(s) = -38*s - 42. Let l be u(-4). Let r = l - 110. Suppose 3*d = 18 - r. List the prime factors of d.
2, 3
Let s be 4 + 152/(-36) + (-6)/(-27). Let q(d) = 29 + 49 - 2*d**2 + d**2 - 4*d + 50. List the prime factors of q(s).
2
Suppose 114655 = 26*l + 70*l - 1079393. What are the prime factors of l?
2, 3, 691
Let y = 46 + -28. Let g = 32 - y. Suppose 19*r - 75 = g*r. List the prime factors of r.
3, 5
Let v = 22 + -20. Suppose v = 4*d - 2*q - 944, 0 = d - q - 235. Suppose 4*c - 218 = -5*g, c + 3*c - 5*g = d. List the prime factors of c.
3, 19
Let b = -3424 + 5357. List the prime factors of b.
1933
Let f = -325 - 39. Let y = 153 - f. What are the prime factors of y?
11, 47